11*y - 34. What is r(4)?
-6
Let q(b) = -b**3 + 33*b**2 - 60*b - 60. Give q(31).
2
Let o(t) = t**3 - 8*t**2 - 17*t + 170. Determine o(7).
2
Let f(c) = c**2 + 11*c + 18. Calculate f(-8).
-6
Let x(t) = t**2 + 36*t + 28. Calculate x(-35).
-7
Let h(u) = -u**3 + 5*u**2 - u + 6. Determine h(5).
1
Let o(b) = -b + 9. Determine o(-6).
15
Let m(l) = 2*l**2 + 2*l. Determine m(-2).
4
Let v(p) = p**2 - 5*p - 3. Give v(6).
3
Let w(p) = -2*p + 2. Give w(-2).
6
Let f(h) = h**3 - 7*h**2 + 7. Give f(-4).
-169
Let o(k) = k**2 + 6*k - 7. Calculate o(-6).
-7
Let y(t) = -t**2 + 5*t - 2. Give y(1).
2
Let j(o) = -o - 9. Determine j(-6).
-3
Let u(g) = -g - 13. What is u(6)?
-19
Let x(r) = r**3 - r - 1. Calculate x(0).
-1
Let h(f) = -17*f**2 - 4. Calculate h(2).
-72
Let r(d) = -3*d**2 - 141*d + 2. Calculate r(-47).
2
Let v(n) = 2*n - 12. Calculate v(12).
12
Let x(l) = 122*l + 974. Give x(-8).
-2
Let l(k) = -k**2 + 3*k - 3. Calculate l(7).
-31
Let t(z) = 2*z**2 - 2*z - 3. What is t(-3)?
21
Let t(x) = -x**3 - 13*x**2 - 9*x + 33. Calculate t(-12).
-3
Let n(h) = 14*h - 1. What is n(-3)?
-43
Let x(r) = -r**3 - 8*r**2 + 45*r - 22. Calculate x(-12).
14
Let f(n) = -25*n**3 - 3*n**2 - 2*n + 2. Give f(1).
-28
Let m(q) = q**3 - 10*q**2 - 12*q - 13. Determine m(11).
-24
Let m(o) = 7*o + 130. Give m(-22).
-24
Let g(b) = 9*b - 102. Calculate g(10).
-12
Let v(f) = -78*f**2 - 156*f + 1. Determine v(-2).
1
Let l(a) = a**3 + 19*a**2 - 19*a + 18. Calculate l(-20).
-2
Let r(b) = 4*b**2 + 24*b + 3. What is r(-6)?
3
Let o(p) = 5*p + 4. Calculate o(-7).
-31
Let s(u) = -u**3 - 14*u**2 - 14*u - 7. Give s(-13).
6
Let x(y) = y**2 - 20*y + 28. Give x(15).
-47
Let x(q) = 14*q + 8. What is x(-6)?
-76
Let c(w) = -2*w**2 + 16*w + 1. What is c(8)?
1
Let z(h) = 6*h + 70. Calculate z(-12).
-2
Let y(c) = -72*c**3 - c + 1. Calculate y(1).
-72
Let f(m) = -m**2 - 20*m - 15. What is f(-19)?
4
Let c(v) = -v**2 + v. Determine c(2).
-2
Let r(a) = 35*a**3 + a**2 - a - 1. Determine r(-1).
-34
Let a(l) = 10*l - 3. What is a(-6)?
-63
Let d(x) = 3*x**2 - 5. Give d(-5).
70
Let p(k) = -5*k. Determine p(2).
-10
Let p(b) = 2*b**3 + 14*b**2 + 4*b + 30. Calculate p(-7).
2
Let j(w) = 5*w - 2. Determine j(-9).
-47
Let c(i) = -2*i**2 + 4*i + 3. What is c(-3)?
-27
Let o(a) = -a**3 + 5*a**2 + 5*a. Calculate o(5).
25
Let u(n) = -n + 4. Give u(-4).
8
Let o(a) = 67*a + 3. Give o(1).
70
Let r(j) = -j - 3. Give r(-4).
1
Let i(k) = 5*k**2 + 3*k + 3. Give i(-2).
17
Let m(f) = -f**3 - 29*f**2 + 31*f + 39. Give m(-30).
9
Let p(f) = -3*f**2 - 4*f - 20. Determine p(-3).
-35
Let k(x) = x**3 + 8*x**2 - 9*x + 4. Determine k(-9).
4
Let b(q) = q**2 + 7*q - 75. Give b(-12).
-15
Let s(l) = l**3 - 10*l**2 - l + 89. Give s(9).
-1
Let f(q) = q**3 - 14*q + 24. Give f(5).
79
Let b(f) = -f**3 + 2*f**2 + 4*f - 1. Give b(-3).
32
Let q(v) = v**3 - 4*v**2 - 4. Determine q(4).
-4
Let t(p) = -p**3 - 20*p**2 + 46*p - 29. Give t(-22).
-73
Let g(x) = -18*x**3 - 3*x + 5. What is g(2)?
-145
Let g(r) = -r**3 + 4*r**2 + 1. Give g(2).
9
Let l(r) = -3*r**2 - 3*r + 2. What is l(0)?
2
Let u(o) = -o**3 - 10*o**2 - 12*o - 2. What is u(-9)?
25
Let b(n) = 2*n + 39. Determine b(-16).
7
Let l(d) = -5*d + 22. Give l(4).
2
Let r(b) = -25*b - 370. Determine r(-14).
-20
Let c(o) = o**3 + 2*o**2 + 4. Calculate c(-3).
-5
Let w(m) = 2*m**3 - 10*m**2 + 9*m - 1. Determine w(3).
-10
Let n(g) = -6*g - 2. Determine n(-4).
22
Let a(u) = -8*u**2 - 7*u + 4. Determine a(3).
-89
Let r(h) = -h**2 - 17*h - 37. What is r(-12)?
23
Let j(p) = -p**2 + 27*p - 24. Calculate j(26).
2
Let r(u) = -u**3 - 9*u**2 + 71*u. What is r(-14)?
-14
Let j(b) = b**3 - 3*b**2 - 7*b - 14. Calculate j(5).
1
Let m(w) = -6*w**2 - w - 4. Determine m(2).
-30
Let r(z) = 5*z + 64. Determine r(-11).
9
Let q(y) = -3*y. Calculate q(2).
-6
Let n(f) = -3*f**2 + 2*f - 3. What is n(2)?
-11
Let h(z) = z. Determine h(0).
0
Let q(v) = -v**3 + 17*v**2 - 23*v + 113. What is q(16)?
1
Let n(x) = 55*x + 510. Give n(-9).
15
Let q(z) = -z**3 + 5*z**2 - 6*z + 9. Determine q(4).
1
Let v(i) = 2*i**2 - 49*i - 8. Determine v(25).
17
Let c(r) = 20*r - 19. Calculate c(1).
1
Let r(l) = -8*l - 64. Calculate r(-7).
-8
Let m(l) = -l - 43. Calculate m(-21).
-22
Let x(r) = 10*r**2 + r + 3. Determine x(3).
96
Let o(f) = -f**2 + 14*f + 11. Calculate o(11).
44
Let u(k) = k**3 - 2*k**2 - 31*k + 22. Calculate u(-5).
2
Let l(v) = -7*v - 349. Give l(-50).
1
Let b(a) = a - 15. What is b(17)?
2
Let a(c) = c**3 - 4*c**2 - 20*c + 22. Determine a(7).
29
Let t(k) = -k**2 - 11*k - 26. Give t(-3).
-2
Let i(t) = 20*t**3 + t**2 + 4*t - 5. Determine i(1).
20
Let z(b) = -7*b + 51. Determine z(22).
-103
Let h(d) = d + 3. Give h(-7).
-4
Let c(q) = 5*q. What is c(-1)?
-5
Let s(d) = -d + 2. Calculate s(1).
1
Let v(q) = -q**2 - 22*q - 119. Calculate v(-9).
-2
Let t(c) = 2*c + 27. Determine t(-15).
-3
Let v(q) = 23*q**3 + q**2 - 1. Give v(1).
23
Let l(k) = 9*k - 5. Determine l(1).
4
Let v(q) = -2*q**3 - 5*q**2 + 3*q - 4. Give v(-5).
106
Let w(t) = -t**3 - 7*t**2 - 12*t - 27. Calculate w(-6).
9
Let w(x) = -20*x**2 + x + 3. Give w(2).
-75
Let c(j) = j**3 - 4*j**2 - 4*j + 8. Determine c(3).
-13
Let v(h) = h**3 + h**2 - h + 3. What is v(0)?
3
Let q(m) = -m**2 + 5*m - 3. Determine q(4).
1
Let g(u) = -10*u + 262. Give g(26).
2
Let i(t) = -37*t + 254. What is i(7)?
-5
Let c(b) = -9*b**3 - b + 1. What is c(1)?
-9
Let x(g) = -9*g - 3. Calculate x(-1).
6
Let k(v) = -v**2 - 5*v + 24. Calculate k(-7).
10
Let y(z) = 113*z - 441. What is y(4)?
11
Let m(i) = i**3 - 15*i**2 - 19*i - 14. Calculate m(16).
-62
Let a(m) = -3*m - 29. Determine a(-11).
4
Let u(d) = 7*d - 19. What is u(-2)?
-33
Let o(n) = -4*n + 1. Calculate o(8).
-31
Let r(q) = q**3 - q**2 + q + 19. Calculate r(0).
19
Let q(p) = 2*p**3 - 16*p**2 - p + 11. Determine q(8).
3
Let k(w) = -3*w + 4. Give k(14).
-38
Let p(d) = -d**2 - 3*d + 15. Determine p(-5).
5
Let z(a) = a**3 + 27*a**2 + 73*a + 32. Determine z(-24).
8
Let g(r) = r**3 - 9*r**2 - 21*r - 5. Determine g(11).
6
Let h(g) = -62*g - 123. Calculate h(-2).
1
Let l(d) = 5*d - 2. Determine l(-1).
-7
Let y(o) = 2*o**2 - 7*o + 1. Give y(6).
31
Let w(u) = -u + 7. Determine w(7).
0
Let p(n) = 5*n - 10. Calculate p(4).
10
Let t(w) = w**2 + 17*w + 80. Determine t(-9).
8
Let b(n) = n**2 + 10*n + 11. Give b(0).
11
Let q(m) = 2*m**2 - 26*m - 24. Determine q(14).
4
Let y(v) = -20*v - 2. What is y(7)?
-142
Let g(f) = f + 2. Calculate g(5).
7
Let r(s) = -s**3 - 2*s**2 - 3. Give r(0).
-3
Let o(z) = z + 17. What is o(-9)?
8
Let j(c) = -c**3 + 8*c**2 - 4*c + 19. Determine j(8).
-13
Let i(z) = 2*z**3 - 72*z**2 + 2*z - 62. Determine i(36).
10
Let i(m) = 73*m - 665. Calculate i(9).
-8
Let j(m) = -m**2 - 9*m + 4. What is j(-6)?
22
Let x(a) = -4*a - 58. Calculate x(-18).
14
Let b(k) = -k**3 + 3*k**2 - k - 7. Give b(4).
-27
Let d(o) = 2*o + 13. Determine d(5).
23
Let f(d) = 4*d - 65. Calculate f(13).
-13
Let b(n) = 74*n - 722. Calculate b(10).
18
Let w(c) = 13*c. What is w(1)?
13
Let q(n) = 15*n - 52. Give q(5).
23
Let n(j) = -7*j + 17. Determine n(7).
-32
Let r(a) = -a + 8. Determine r(0).
8
Let m(h) = -h + 39. What is m(9)?
30
Let i(m) = m**2 - 1. Calculate i(-4).
15
Let s(q) = -4*q**3 - 2*q**2 + 2*q - 1. Give s(1).
-5
Let r(n) = 4*n - 3. Determine r(-3).
-15
Let j(i) = -i**3 + 6*i**2 + i + 7. Determine j(7).
-35
Let w(r) = -17*r + 63. Calculate w(6).
-39
Let s(i) = 3*i**3 - i**2 - 3*i - 1. Give s(2).
13
Let v(h) = -6*h**3 - 4*h**2 - 3*h + 2. Give v(-3).
137
Let w(k) = -k**3 + 13*k**2 - k - 1. What is w(13)?
-14
Let b(q) = -18*q**3 + 1. Determine b(-1).
19
Let q(n) = -8*n - 6. Give q(-3).
18
Let g(k) = k**2 + 8*k + 8. Calculate g(-6).
-4
Let q(h) = h**2 - 9*h + 8. Calculate q(9).
8
Let s(z) = z**3 - 11*z**2 - 10*z - 15. Give s(12).
9
Let c(u) = 6*u + 32. Calculate c(-6).
-4
Let o(i) = -i**3 + 10*i**2 - 15*i - 1. Determine o(8).
7
Let a(h) = 2*h**2 - 39*h - 64. What is a(21)?
-1
Let a(x) = -3*x**2 + 13*x + 85. Determine a(8).
-3
Let m(l) = -l**2 + 2*l - 1. What is m(-6)?
-49
Let g(l) = 4*l - 12. Determine g(7).
16
Let m(o) = -o**3 + 14*o**2 + o - 13. What is m(14)?
1
Let n(h) = h**3 + 6*h**2 + 13*h + 13. Calculate n(-4).
-7
Let j(g) = -21*g - 289. Calculate j(-14).
5
Let m(r) = -r - 4. Give m(5).
-9
Let n(q) = q**2 - 6*q - 3. Calculate n(6).
-3
Let o(g) = -g - 22. What is o(0)?
-22
Let c(m) = 2